by 191?
188
What is the remainder when 918 is divided by 312?
294
What is the remainder when 11895 is divided by 929?
747
What is the remainder when 4913 is divided by 880?
513
Calculate the remainder when 1720 is divided by 309.
175
What is the remainder when 21348 is divided by 50?
48
What is the remainder when 776 is divided by 58?
22
Calculate the remainder when 50781 is divided by 715.
16
What is the remainder when 8905 is divided by 358?
313
What is the remainder when 3527 is divided by 236?
223
Calculate the remainder when 500 is divided by 224.
52
What is the remainder when 224324 is divided by 6?
2
What is the remainder when 2054 is divided by 1075?
979
What is the remainder when 56769 is divided by 66?
9
Calculate the remainder when 6092 is divided by 1.
0
Calculate the remainder when 112110 is divided by 56051.
8
What is the remainder when 29149 is divided by 175?
99
What is the remainder when 7443 is divided by 374?
337
Calculate the remainder when 16829 is divided by 92.
85
Calculate the remainder when 23460 is divided by 237.
234
What is the remainder when 28464 is divided by 1238?
1228
What is the remainder when 3121 is divided by 348?
337
What is the remainder when 45932 is divided by 232?
228
Calculate the remainder when 210 is divided by 100.
10
What is the remainder when 389224 is divided by 1802?
1794
What is the remainder when 2164 is divided by 1169?
995
Calculate the remainder when 1402003 is divided by 37.
36
What is the remainder when 8277 is divided by 2535?
672
Calculate the remainder when 1804 is divided by 100.
4
Calculate the remainder when 41384 is divided by 811.
23
What is the remainder when 16101 is divided by 1037?
546
Calculate the remainder when 211712 is divided by 70555.
47
What is the remainder when 1000 is divided by 43?
11
Calculate the remainder when 763 is divided by 4.
3
What is the remainder when 8509 is divided by 19?
16
Calculate the remainder when 4049343 is divided by 403.
402
Calculate the remainder when 12670 is divided by 904.
14
What is the remainder when 5903 is divided by 2054?
1795
What is the remainder when 6357 is divided by 96?
21
What is the remainder when 10802 is divided by 1200?
2
What is the remainder when 97207 is divided by 32389?
40
What is the remainder when 2732 is divided by 532?
72
Calculate the remainder when 490969 is divided by 163648.
25
Calculate the remainder when 11726 is divided by 2928.
14
What is the remainder when 38766 is divided by 2?
0
What is the remainder when 8442 is divided by 4047?
348
What is the remainder when 2359 is divided by 1163?
33
What is the remainder when 7737 is divided by 5?
2
Calculate the remainder when 126321 is divided by 26.
13
What is the remainder when 3520 is divided by 88?
0
What is the remainder when 15619 is divided by 67?
8
Calculate the remainder when 31429 is divided by 78.
73
Calculate the remainder when 5541 is divided by 49.
4
What is the remainder when 615 is divided by 592?
23
Calculate the remainder when 20064 is divided by 176.
0
Calculate the remainder when 9982 is divided by 1908.
442
What is the remainder when 6134 is divided by 44?
18
What is the remainder when 4516 is divided by 73?
63
What is the remainder when 13017406 is divided by 1208?
1206
What is the remainder when 55718 is divided by 86?
76
Calculate the remainder when 58483 is divided by 4.
3
What is the remainder when 1884 is divided by 58?
28
What is the remainder when 251180 is divided by 25117?
10
What is the remainder when 92370 is divided by 1074?
6
Calculate the remainder when 25189 is divided by 4194.
25
What is the remainder when 126758 is divided by 48?
38
What is the remainder when 2108641 is divided by 153?
148
Calculate the remainder when 20944 is divided by 128.
80
Calculate the remainder when 45540 is divided by 8.
4
What is the remainder when 3423 is divided by 121?
35
What is the remainder when 8234 is divided by 210?
44
Calculate the remainder when 19263 is divided by 401.
15
What is the remainder when 744492 is divided by 632?
628
What is the remainder when 49930 is divided by 438?
436
Calculate the remainder when 70371 is divided by 154.
147
Calculate the remainder when 1673501 is divided by 32.
29
Calculate the remainder when 52136 is divided by 94.
60
Calculate the remainder when 1091 is divided by 26.
25
Calculate the remainder when 88541 is divided by 31.
5
What is the remainder when 111465 is divided by 596?
13
What is the remainder when 6626 is divided by 567?
389
Calculate the remainder when 15279 is divided by 100.
79
Calculate the remainder when 5365 is divided by 31.
2
What is the remainder when 27554 is divided by 977?
198
What is the remainder when 4020 is divided by 3804?
216
What is the remainder when 3032 is divided by 22?
18
What is the remainder when 651 is divided by 84?
63
Calculate the remainder when 4284 is divided by 8.
4
What is the remainder when 52295 is divided by 17408?
71
Calculate the remainder when 23681 is divided by 53.
43
What is the remainder when 407577 is divided by 7278?
9
What is the remainder when 4274 is divided by 713?
709
What is the remainder when 231145 is divided by 22?
13
What is the remainder when 17163 is divided by 239?
194
What is the remainder when 19183 is divided by 7?
3
What is the remainder when 27336 is divided by 4555?
6
Calculate the remainder when 8195 is divided by 30.
5
Calculate the remainder when 501 is divided by 153.
42
What is the remainder when 13120 is divided by 39?
16
Calculate the remainder when 2043 is divided by 22.
19
Calculate the remainder when 7916 is divided by 376.
20
Calculate the remainder when 776763 is divided by 3923.
9
Calculate the remainder when 12244 is divided by 178.
140
Calculate the remainder when 2083 is divided by 123.
115
What is the remainder when 622667 is divided by 155664?
11
What is the remainder when 29479 is divided by 134?
133
What is the remainder when 4950 is divided by 1216?
86
Calculate the remainder when 7942 is divided by 2634.
40
What is the remainder when 202739 is divided by 155?
154
What is the remainder when 575 is divided by 62?
17
What is the remainder when 20413 is divided by 2268?
1
Calculate the remainder when 12237 is divided by 30.
27
Calculate the remainder when 8705 is divided by 24.
17
Calculate the remainder when 10093 is divided by 381.
187
What is the remainder when 375622 is divided by 22?
16
Calculate the remainder when 812020 is divided by 373.
372
Calculate the remainder when 11020 is divided by 366.
40
What is the remainder when 146073 is divided by 36507?
45
What is the remainder when 108618 is divided by 9?
6
What is the remainder when 1243043 is divided by 44?
43
What is the remainder when 1154732 is divided by 384909?
5
Calculate the remainder when 4161 is divided by 4141.
20
What is the remainder when 2434 is divided by 459?
139
Calculate the remainder when 70352 is divided by 757.
708
What is the remainder when 1376 is divided by 123?
23
What is the remainder when 5142 is divided by 1283?
10
Calculate the remainder when 4589 is divided by 255.
254
What is the remainder when 51060 is divided by 51054?
6
What is the remainder when 192709 is divided by 21?
13
What is the remainder when 25534 is divided by 12765?
4
What is the remainder when 9821 is divided by 3219?
164
Calculate the remainder when 1203 is divided by 604.
599
Calculate the remainder when 2481 is divided by 1233.
15
Calculate the remainder when 25219 is divided by 7.
5
Calculate the remainder when 48318 is divided by 833.
4
Calculate the remainder when 4652 is divided by 160.
12
What is the remainder when 4321 is divided by 46?
43
Calculate the remainder when 369216 is divided by 44.
12
What is the remainder when 155923 is divided by 297?
295
What is the remainder when 377965 is divided by 185?
10
Calculate the remainder when 5594 is divided by 9.
5
Calculate the remainder when 789386 is divided by 294.
290
What is the remainder when 10559 is divided by 176?
175
What is the remainder when 3719 is divided by 198?
155
What is the remainder when 11544 is divided by 5739?
66
Calculate the remainder when 8472 is divided by 381.
90
What is the remainder when 105796 is divided by 106?
8
What is the remainder when 1631 is divided by 43?
40
Wha